r when t is divided by 57.
24
Suppose -128*g + 124*g + 677 = 73. Let o = -11 - -49. What is the remainder when g is divided by o?
37
Suppose -46 = -2*a - o, 0 = -5*a + 8*o - 3*o + 115. Calculate the remainder when 9682 is divided by a.
22
What is the remainder when 699 is divided by 12/(-36) + 0 + (-148)/(-3)?
13
Suppose q + 76 = i, 2*i - 161*q = -156*q + 143. What is the remainder when 310 is divided by i?
73
What is the remainder when 3332/51*27/12 is divided by 37?
36
Calculate the remainder when 317 is divided by (2 + 1/(24/(-64)))*(-36)/3.
5
Let a = -26041 + 26187. What is the remainder when 427 is divided by a?
135
Suppose 37*l = 39*l - 132. Suppose -l*q = -69*q + 18. Calculate the remainder when 6/(-27) - (-101)/9 is divided by q.
5
Suppose o - n = 17, 0 = 21*n - 19*n - 2. Suppose 160 = o*i + 52. Calculate the remainder when 136 is divided by i.
4
Let r be 1 + -24 + 9/9. Let a = -27 - r. Let x = a + 39. Calculate the remainder when 101 is divided by x.
33
Let h(j) = -8*j**3 + 87*j**2 + 8*j + 65. Calculate the remainder when 281 is divided by h(11).
25
Let g = 87 - 150. Let z be (-52)/6 - 42/g. What is the remainder when 12 is divided by (-1 + -8)/(z + 7)?
3
Let i be ((-6)/3)/2*3. Let x = -922 - -959. Calculate the remainder when 180 + (-3 - -3) - i is divided by x.
35
Let f(a) = -8*a - 34. Let m be f(-4). Let z(g) = -10*g + 13. What is the remainder when 3/15 - (-1628)/10 is divided by z(m)?
31
Calculate the remainder when 73905/35 - (-288)/(-504) is divided by 42.
11
Let r(z) = z**3 + 6*z**2 + 2*z + 7. Let i be r(-6). Let k = i + 7. Let f(o) = 3*o**2 - 559*o - 560. Calculate the remainder when f(-1) is divided by k.
0
Let p(a) = 10*a**2 + 53*a. Suppose -36*v = -58*v - 132. Calculate the remainder when 374 is divided by p(v).
38
Let g(s) = -4*s**2 - 3*s + 2 + 15*s + 8*s**2 - s**3. What is the remainder when g(-4) is divided by 14?
12
Suppose 6*s - 118 = 5*s - b, 5*s - 582 = -b. Suppose s*u - 104*u = 708. What is the remainder when 232 is divided by u?
55
Suppose 4*m - 3*q = 5133 - 1815, -4153 = -5*m + q. Calculate the remainder when m is divided by 7.
5
Let c = 889 - 872. What is the remainder when 220 is divided by c?
16
What is the remainder when (-1 + -1)/(12/165)*(-101 + 95) is divided by 135?
30
Let n be (26/39)/(4/102). Let z = -7 + n. What is the remainder when 17/((-1)/(z/(-5))) is divided by 9?
7
Calculate the remainder when -1 - -137 - (-5 + 16 + -8) is divided by (36/30)/(4/230).
64
Let c = 5928 + -5894. What is the remainder when 848 is divided by c?
32
Let z(g) = 11*g**2 - g + 5. Calculate the remainder when z(6) is divided by (127 + -1)/(-7)*33/(-9).
65
Suppose 44 = 4*q + 4*b, -2*b - 38 = -4*q + 6. Let s(z) = -24*z + 16. Let p be s(-4). Let g = p - 15. What is the remainder when g is divided by q?
9
Calculate the remainder when 478 is divided by (-85)/(-2) - (-75)/(-30).
38
Let d(f) = -5*f**2 + 32*f + 13. Calculate the remainder when 668 is divided by d(6).
18
Let j(y) = y**2 - 211*y + 158. Calculate the remainder when 333 is divided by j(0).
17
What is the remainder when 8408 is divided by (-2 + (-23)/(-7) + -1)/(8/280)?
8
Suppose -r + i = -1311, 0 = -r - 3*i + 8*i + 1323. Calculate the remainder when r is divided by (7 - (-32)/4) + (-1 - 3).
10
Let n be 4 + (-138)/(-2) + -1. Suppose n*h = 70*h + 222. What is the remainder when h is divided by 30?
21
Let y(i) be the first derivative of i**3/3 + 2*i**2 + 8*i + 35. Calculate the remainder when 56 is divided by y(3).
27
Let t(z) = -107*z - 902. Calculate the remainder when t(-24) is divided by 139.
137
What is the remainder when 688 is divided by (-48048)/448*(-12)/9?
116
Let t(n) = 6*n - 4. Let v be t(8). Suppose -3*g = 14 - v. Calculate the remainder when (-8)/84 - 6923/(-147) is divided by g.
7
Suppose -4*t - 28 = -2*c - 2, c = -2*t - 3. Suppose 233 = c*s - 142. Suppose 0 = -k + s + 31. What is the remainder when k is divided by 18?
16
Suppose -18*v = -15*v - 483. Suppose 58*y - 1400 = 30*y. What is the remainder when v is divided by y?
11
Suppose -3*q - n = -56, 3*q - 4*n = -0*q + 76. Calculate the remainder when q is divided by ((-48)/2)/(-3) - (-4 - -1).
9
Let u(i) = 10*i + 1. Let x be u(1). Let w = 2188 + -2183. Suppose 114 = w*o - x. What is the remainder when 122 is divided by o?
22
Let j be (-3)/(-8) + 147/(-8). Let k = 3 - j. What is the remainder when 82 is divided by k?
19
Let u = 218 - 70. Suppose 4*m + u = 6*m. Suppose 0 = 4*y + 5*p - 85, 4*y - y - p = 40. Calculate the remainder when m is divided by y.
14
Let n(c) = 2*c**2 - 187*c + 1980. What is the remainder when n(84) is divided by 69?
39
Suppose 154 = 3*u + 4*h, -2*u + 0*u + 111 = h. What is the remainder when u is divided by 20?
18
Let i(x) = -116*x + 7233. What is the remainder when i(35) is divided by 3164?
9
Suppose 3*x = -2*j + 49, 72 = -0*x + 4*x - 4*j. Let t = -203 - -184. Let g = 67 + t. What is the remainder when g is divided by x?
14
Let y be (-114)/9 + 2/3. Let x be (-1 + (-18)/y)/(2/(-40)). Calculate the remainder when x*(42/4)/(-3) + 3 is divided by 10.
8
Suppose -7*w = -5*w - 8. Suppose 3*i - w = u + 3, 5*u = -2*i + 50. What is the remainder when 2*(153/24 - 2/(-16)) is divided by u?
5
Let b(a) = a**2 + 3*a - 7. What is the remainder when (-3 + 5 - 1) + 1 - -17 is divided by b(3)?
8
Let y(x) = -2*x + 24. Suppose -4*f + 4*b + 224 = 0, -b + 0*b = -3*f + 174. Calculate the remainder when f is divided by y(4).
11
Let m(b) = -2*b**3 + 20*b**2 - 2*b + 15. Let r be m(10). Let h(c) = -121*c - 116. Calculate the remainder when h(r) is divided by 70.
69
Calculate the remainder when 497 is divided by (-8)/(-10) + 0 - 27634/(-3370).
2
Let y(i) = -141*i - 84. Let w be y(-9). What is the remainder when 0 - (4/8 + w/(-10)) is divided by 60?
58
Let g(b) = 21*b**2 + b. Let w be g(-2). Suppose 3*j - 11 = -y, 4*j + 119 = 5*y - 31. Let s = w - y. Calculate the remainder when s is divided by 19.
18
Suppose 5*u - 1306 = -3*b, -4*u + 576 = 3*b - 728. What is the remainder when b is divided by 47?
9
Let h = -6515 + 6936. What is the remainder when h is divided by 95?
41
What is the remainder when 814 is divided by (-4)/38 + -9832*15/(-380)?
38
Let i(d) = -23*d + 2. Let l be (1 - 2/6) + (-83655)/(-351). Let h = l + -198. Calculate the remainder when i(-7) is divided by h.
40
Let z(d) = -d**3 - 9*d**2 - 10*d - 12. Let n be z(-8). What is the remainder when 61 is divided by (-114)/(-133)*182/n?
22
Suppose 0 = -5*a - 4*s + 30, 3*s - 6 = -2*a + 13. Let i be -1*a*-1 - (24 - 40). What is the remainder when 67 is divided by 10/45 + 248/i?
11
Let x = 254 + -252. Suppose -135 = -x*q - 0*m - m, -213 = -3*q - 5*m. What is the remainder when q is divided by 25?
16
Suppose j + 4*h - 161 = 77, 2*h = 4*j - 898. Suppose 274 = 10*l - j. Let t = l - 29. What is the remainder when 36 is divided by t?
15
Let z(q) = -2*q**2 - 113*q - 812. What is the remainder when z(-47) is divided by 22?
15
Suppose 3*c + c = -8, 4*i - 2*c = 108. Let x be (3*(-20)/(-48))/(2/88). Suppose x = 14*f - 43. What is the remainder when i is divided by f?
5
Let o(s) = -s**2 + 3*s. Let r be o(3). Suppose -2*l = -5*x - 95, r = 3*l - 0*x - x - 136. What is the remainder when l is divided by (-1 + 3)/(226/1808)?
13
Let b(u) = 2*u**3 + 95*u**2 + 44*u - 9. Let c be b(-47). Suppose -454 = -7*f - c. Calculate the remainder when f is divided by 7.
4
Suppose -468*d + 248 = 3*q - 473*d, -300 = -5*q - 3*d. Let z(j) = 132*j + 1. What is the remainder when z(1) is divided by q?
1
Let z = -2414 + 2420. Suppose -3*y + 78 = -6. Calculate the remainder when y is divided by z.
4
Suppose 112 = 10*z - 58. Calculate the remainder when 181 is divided by z.
11
Suppose -2649*t + 2621*t = -2576. What is the remainder when t is divided by 42?
8
Let b(m) be the second derivative of -29*m**5/20 - m**3/6 - m**2 + 32*m. What is the remainder when 105 is divided by b(-1)?
21
Suppose 232*u - 350 = 56722. Calculate the remainder when 6639 is divided by u.
243
What is the remainder when (1527/2)/((-504)/(-1008)) is divided by 85?
82
Let h(l) = 2*l**2 - 4*l + 18. Let i(w) = w**3 - 12*w + 9. Let a be i(3). What is the remainder when 23 is divided by h(a)?
5
Let r = -472 - -530. Suppose r = 2*a - 66. Let t = 1 - -12. What is the remainder when a is divided by t?
10
Suppose 4*c + f = 80, 45*f -